base 12) to base 4.
1011121
What is 40304 (base 10) in base 7?
225335
Convert -341234 (base 5) to base 15.
-3899
Convert 1a7a (base 11) to base 15.
ba3
Convert -34545 (base 6) to base 15.
-170b
What is 5771 (base 14) in base 15?
477b
Convert -13513 (base 8) to base 9.
-8155
Convert 4938 (base 11) to base 16.
1936
Convert -6519 (base 10) to base 13.
-2c76
Convert 73531 (base 8) to base 13.
10ba3
What is 20382 (base 9) in base 16?
347f
Convert 101110101110110 (base 2) to base 15.
7151
205001 (base 6) to base 8
40371
Convert -56 (base 7) to base 13.
-32
6d0 (base 15) to base 16
609
What is -97b7 (base 12) in base 2?
-100000100111011
Convert -34b (base 13) to base 11.
-479
Convert 4ad (base 15) to base 10.
1063
Convert -66241 (base 8) to base 16.
-6ca1
What is -235 (base 11) in base 10?
-280
What is 1212 (base 3) in base 9?
55
What is -251 (base 11) in base 15?
-14d
What is 34203 (base 6) in base 9?
6553
Convert -211410 (base 7) to base 15.
-ac76
Convert -2c38 (base 13) to base 8.
-14505
-100222 (base 4) to base 7
-3052
165 (base 11) to base 4
3000
Convert -111632 (base 7) to base 9.
-30225
Convert -2a80 (base 11) to base 5.
-111320
1433 (base 10) to base 5
21213
What is 325 (base 10) in base 5?
2300
Convert -51035 (base 8) to base 12.
-101b9
What is 1021202 (base 3) in base 13?
572
Convert 1766 (base 9) to base 8.
2514
-152 (base 12) to base 4
-3032
What is 1394 (base 11) in base 16?
705
Convert -25d (base 16) to base 13.
-377
Convert -1683 (base 9) to base 5.
-20130
Convert -201455 (base 6) to base 15.
-4ad2
-10011212 (base 4) to base 11
-11640
Convert -311242 (base 5) to base 12.
-5a99
Convert -2471 (base 10) to base 7.
-10130
What is -114326 (base 7) in base 2?
-101000100001011
Convert -569 (base 14) to base 10.
-1073
-304 (base 10) to base 11
-257
8c60 (base 14) to base 7
131050
25b (base 12) to base 13
218
-14bb (base 13) to base 10
-3027
Convert 4473 (base 9) to base 10.
3306
e50 (base 15) to base 7
12255
What is -494 (base 13) in base 11?
-665
Convert 239c (base 14) to base 8.
14106
What is 24402 (base 8) in base 7?
42415
What is -1200001100 (base 3) in base 14?
-bd7b
Convert -211a (base 11) to base 3.
-10211212
What is 2212221212 (base 3) in base 10?
56831
Convert 1344 (base 10) to base 3.
1211210
Convert -53146 (base 7) to base 8.
-31475
What is -10425 (base 6) in base 15?
-672
1000010022 (base 3) to base 15
5cd2
-4111 (base 6) to base 16
-38b
-5239 (base 10) to base 16
-1477
What is -57 (base 16) in base 2?
-1010111
Convert -144201 (base 5) to base 3.
-22110202
What is -100100 (base 2) in base 5?
-121
What is -778 (base 9) in base 14?
-338
What is 1605 (base 7) in base 12?
456
What is -1041302 (base 5) in base 8?
-43627
1512 (base 10) to base 14
7a0
What is -10000122 (base 4) in base 7?
-65562
What is 11345 (base 8) in base 7?
20050
Convert -a156 (base 12) to base 15.
-52b0
Convert -100112 (base 3) to base 13.
-16a
Convert -4022442 (base 5) to base 4.
-33221322
What is -16353 (base 8) in base 13?
-34a6
Convert -232305 (base 6) to base 16.
-4e11
3028 (base 9) to base 13
1013
What is 1416 (base 7) in base 6?
2320
1012133 (base 4) to base 14
1903
222212 (base 6) to base 9
27528
-1011111000 (base 2) to base 11
-631
-10110100 (base 3) to base 4
-213120
Convert 101200 (base 3) to base 14.
168
24420 (base 5) to base 9
2486
4ba6 (base 12) to base 4
2012232
-252 (base 8) to base 6
-442
-101111000110101 (base 2) to base 8
-57065
What is 3314 (base 5) in base 3?
122000
Convert -76332 (base 8) to base 3.
-1121211210
What is 360 (base 15) in base 5?
11030
Convert -110212 (base 4) to base 3.
-1210211
-7994 (base 13) to base 10
-17021
Convert 3200 (base 5) to base 3.
120202
Convert 1124 (base 9) to base 15.
3a7
What is 738 (base 10) in base 14?
3aa
7772 (base 9) to base 14
2139
Convert 1000010100001110 (base 2) to base 15.
a15c
What is -3 (base 11) in base 7?
-3
What is -11110000100110 (base 2) in base 12?
-8ab2
-10643 (base 9) to base 15
-2176
-6225 (base 7) to base 15
-9a0
Convert -43621 (base 7) to base 9.
-16007
What is -20555 (base 8) in base 15?
-2807
276 (base 10) to base 12
1b0
19b9d (base 15) to base 2
10100011010100111
24662 (base 8) to base 11
8024
What is -1747 (base 15) in base 16?
-1399
-101010001 (base 2) to base 15
-177
What is 114 (base 12) in base 7?
316
10201200 (base 3) to base 7
10632
56b4 (base 12) to base 7
40051
Convert -6 (base 10) to base 3.
-20
What is -2224 (base 12) in base 7?
-13666
Convert -41143 (base 9) to base 11.
-193a0
Convert 6281 (base 12) to base 5.
321003
What is 100022221 (base 3) in base 5?
204202
What is 655 (base 14) in base 12?
883
What is 1455 (base 8) in base 2?
1100101101
What is -226a (base 15) in base 13?
-3427
6a7 (base 11) to base 8
1513
What is 23250 (base 14) in base 5?
10214101
12444 (base 5) to base 9
1330
Convert 5031 (base 11) to base 10.
6689
-5221 (base 6) to base 4
-102031
Convert -111121000 (base 3) to base 13.
-4683
Convert -75c9 (base 15) to base 7.
-132465
ca (base 16) to base 9
244
What is -1102 (base 6) in base 9?
-312
Convert 2322201 (base 4) to base 2.
10111010100001
Convert 322611 (base 7) to base 3.
2212002220
What is 164 (base 8) in base 4?
1310
Convert 101001020 (base 3) to base 13.
3444
Convert -2ba4 (base 12) to base 13.
-2473
What is 55624 (base 10) in base 6?
1105304
Convert -ae6 (base 16) to base 12.
-1746
What is -13260 (base 7) in base 3?
-11220020
1135 (base 8) to base 12
425
397 (base 16) to base 6
4131
Convert 49 (base 14) to base 7.
122
Convert 614 (base 10) to base 7.
1535
What is 397 (base 11) in base 7?
1240
13005 (base 6) to base 15
89e
What is 16451 (base 13) in base 7?
234602
-a176 (base 12) to base 15
-52c9
What is -b8 (base 13) in base 12?
-107
-20002 (base 3) to base 8
-244
What is -21202 (base 4) in base 11?
-505
Convert -2484 (base 10) to base 9.
-3360
2301 (base 12) to base 3
12100001
What is 110001001101 (base 2) in base 14?
120d
Convert 116 (base 16) to base 15.
138
Convert 7592 (base 10) to base 13.
35c0
Convert 99 (base 16) to base 8.
231
Convert 322321 (base 4) to base 11.
2917
Convert 4640 (base 7) to base 15.
77e
Convert -1502 (base 7) to base 12.
-412
Convert -16347 (base 11) to base 14.
-857b
Convert -202001001 (base 3) to base 2.
-11100100010000
What is 78ab (base 14) in base 9?
31632
674 (base 11) to base 13
4a1
What is 74823 (base 9) in base 13?
196c8
Convert -1ef (base 16) to base 12.
-353
Convert -a43 (base 12) to base 14.
-787
12 (base 11) to base 3
111
-111011101101111 (base 2) to base 10
-30575
Convert 110001110 (base 2) to base 5.
3043
What is 113 (base 15) in base 5?
1433
What is 4347 (base 10) in base 9?
5860
Convert 300 (base 4) to base 5.
143
What is -1101110101010111 (base 2) in base 15?
-11bc8
Convert 44335 (base 6) to base 4.
1200203
Convert 11229 (base 10) to base 4.
2233131
What is 21775 (base 10) in base 8?
52417
Convert 10220200 (base 3) to base 15.
ca3
What is -35a6 (base 11) in base 13?
-21b8
Convert 54c1 (base 13) to base 15.
377d
Convert -2ad2 (base 16) to base 3.
-120001000
-6cb3 (base 13) to base 16
-3bfc
-144243 (base 5) to base 14
-238a
0 (base 4) to base 16
0
-24018 (base 11) to base 10
-34625
What is -387 (base 13) in base 11?
-512
What is -11022122 (base 3) in base 9?
-4278
300 (base 8) to base 13
11a
What is 75303 (base 9) in base 16?
c29a
a08 (base 13) to base 16
6a2
What is -101000111 (base 2) in base 14?
-195
1631 (base 8) to base 10
921
What is -10000011101 (base 2) in base 15?
-4a3
-50ca (base 14) to base 16
-364a
-10302 (base 4) to base 13
-1a7
What is 13013 (base 4) in base 14?
247
Convert -11002011000 (base 3) to base 8.
-234652
Convert 1044 (base 8) to base 10.
548
Convert 630 (base 11) to base 6.
3303
Convert -1112001200 (base 3) to base 12.
-153a6
What is -1397 (base 12) in base 8?
-4343
-3109 (base 12) to base 3
-21022200
7134 (base 8) to base 14
14a8
What is 3034 (base 9) in base 7?
6316
What is 2cc (base 16) in base 3?
222112
What is 27533 (base 8) in base 13?
5697
What is 1122232 (base 4) in base 12?
343a
What is 1012002 (base 3) in base 10?
866
Convert 12104 (base 7) to base 16.
c44
Convert -3259 (base 12) to base 7.
-22104
Convert b7 (base 15) to base 5.
1142
-110010011010 (base 2) to base 11
-2473
Convert 6b0 (base 15) to base 9.
2063
Convert -20101202 (base 3) to base 6.
-33332
Convert 17 (bas